{"id":4327,"date":"2024-10-10T20:31:54","date_gmt":"2024-10-10T20:31:54","guid":{"rendered":"https:\/\/www.vaisenhus-apotek.dk\/farmaci\/?post_type=product&#038;p=4327"},"modified":"2024-10-12T16:21:28","modified_gmt":"2024-10-12T16:21:28","slug":"perfect-body-cellulite","status":"publish","type":"product","link":"https:\/\/www.vaisenhus-apotek.dk\/farmaci\/supp\/perfect-body-cellulite\/","title":{"rendered":"Perfect Body Cellulite"},"content":{"rendered":"\n<h2 class=\"wp-block-heading\">Hvad er Perfect Body Cellulite, og hvordan virker det?<\/h2>\n\n\n\n<p><b>Perfect Body Cellulite<\/b> er en <b>cellulite-reducerende creme<\/b>, som er skabt til mennesker, der k\u00e6mper med problemet med synlige uj\u00e6vnheder p\u00e5 huden. Virkningen af <b>Perfect Body Cellulite<\/b> er baseret p\u00e5 den synergistiske virkning af <em>aktive ingredienser<\/em> som ekstrakt af gr\u00f8n te, bitter appelsinfrugt og cayennepeber. Disse naturlige ingredienser stimulerer stofskiftet og underst\u00f8tter udskillelsen af giftstoffer fra kroppen.<\/p>\n\n\n\n<p>Cremen forbedrer mikrocirkulationen og hj\u00e6lper med at reducere forekomsten af cellulite. Brugere af dette produkt kan se resultater efter blot et par ugers regelm\u00e6ssig brug. Virkningen <b>af Perfect Body Cellulite<\/b> er ikke kun begr\u00e6nset til reduktion af cellulite, men p\u00e5virker ogs\u00e5 <em>hudens fasthed og elasticitet<\/em>.<\/p>\n\n\n\n<p>Produktet er velegnet til personer, der \u00f8nsker at forbedre udseendet af deres hud i problemomr\u00e5der som l\u00e5r, balder eller mave. Regelm\u00e6ssig <b>brug af Perfect Body Cellulite<\/b> underst\u00f8tter omfattende hudpleje og bidrager til at fjerne overskydende vand fra kroppen, hvilket reducerer <b>cellulite<\/b> yderligere.<\/p>\n\n\n\n<h2 class=\"wp-block-heading\">Hvad er effekten af Perfect Body Cellulite?<\/h2>\n\n\n\n<p><b>Brugen af Perfect Body Cellulite<\/b> giver m\u00e6rkbare <em>resultater<\/em> for mange kvinder, der k\u00e6mper med problemet med cellulite. Statistikker viser, at op til 85 % af alle voksne kvinder d\u00f8jer med denne tilstand. Brugere af dette kosttilskud rapporterer om <em>en reduktion af cellulite<\/em> og en betydelig forbedring af hudens elasticitet og glathed efter blot 4-6 ugers regelm\u00e6ssig brug. <b>Feedback fra brugere<\/b> i fora viser, at de f\u00f8rste resultater kan ses i l\u00f8bet af kort tid, hvilket \u00f8ger motivationen til at forts\u00e6tte behandlingen.<\/p>\n\n\n\n<p><b>Virkningerne af Perfect Body Cellulite<\/b> kan variere afh\u00e6ngigt af den individuelle hudtilstand og cellulitisens sv\u00e6rhedsgrad. Regelm\u00e6ssig brug resulterer i synlige \u00e6ndringer, og efter en l\u00e6ngere periode, f.eks. tre til seks m\u00e5neder, bliver virkningerne endnu tydeligere. Forskning bekr\u00e6fter, at en omfattende tilgang til reduktion af cellulite, hvor man kombinerer tilskud med passende kost og fysisk aktivitet, giver de bedste resultater.<\/p>\n\n\n\n<ul class=\"wp-block-list\">\n<li>Udglatter huden<\/li>\n\n\n\n<li>Reducerer forekomsten af cellulite<\/li>\n\n\n\n<li>Forbedring af hudens elasticitet<\/li>\n<\/ul>\n\n\n\n<p>Alt dette peger p\u00e5 effektiviteten af <em>Perfect Body Cellulite<\/em> som en st\u00f8tte i kampen mod cellulite, hvilket bekr\u00e6ftes af mange positive <em>brugeranmeldelser<\/em>.<\/p>\n\n\n\n<h2 class=\"wp-block-heading\">Hvordan bruger man Perfect Body Cellulite? &#8211; Dosering og anbefalinger<\/h2>\n\n\n\n<p>For at opn\u00e5 optimale resultater ved <em>brug af Perfect Body Cellulite<\/em> er det vigtigt at f\u00f8lge et par vigtige regler. Produktet skal anvendes mindst to gange om dagen for effektivt at reducere cellulite og opstramme huden.<\/p>\n\n\n\n<p>Korrekt <em>dosering<\/em> kr\u00e6ver, at cremen p\u00e5f\u00f8res p\u00e5 ren og t\u00f8rret hud. Efter p\u00e5f\u00f8ring anbefales det at massere det omr\u00e5de, der er ramt af cellulite, forsigtigt. Denne massage underst\u00f8tter virkningen af de aktive ingredienser i kosmetikken.<\/p>\n\n\n\n<p>Det anbefales at undg\u00e5 at bruge produktet p\u00e5 beskadiget hud og at beskytte \u00f8jnene mod kontakt med produktet. Regelm\u00e6ssig overholdelse af disse <em>anbefalinger<\/em> vil \u00f8ge effektiviteten af cellulite-reduktionen betydeligt og forbedre hudens elasticitet.<\/p>\n\n\n\n<h2 class=\"wp-block-heading\">Perfect Body Cellulite &#8211; Brugeranmeldelser, forum &#8211; Hvad siger brugerne?<\/h2>\n\n\n\n<p><b>Brugeranmeldelser<\/b> af Perfect Body Cellulite er varierede, hvilket afspejles i <b>forumdiskussionen<\/b>. Mange deler deres erfaringer, som viser, at Perfect Body Cellulites handlinger giver varierende resultater. Nogle brugere oplever en betydelig forbedring af hudens tilstand og reduktion af cellulite, mens andre ikke ser nogen klare resultater.<\/p>\n\n\n\n<blockquote class=\"wp-block-quote is-layout-flow wp-block-quote-is-layout-flow\">\n<p>Kasia: &#8220;Jeg har brugt Perfect Body Cellulite i to m\u00e5neder og har bem\u00e6rket en markant forskel. Mine l\u00e5r er blevet glattere, og cellulite er mindre synlig. Cremen har en behagelig duft og absorberes hurtigt.&#8221;<\/p>\n<\/blockquote>\n\n\n\n<blockquote class=\"wp-block-quote is-layout-flow wp-block-quote-is-layout-flow\">\n<p>Ania: &#8220;Jeg har pr\u00f8vet mange forskellige produkter, men ingen har virket s\u00e5 effektivt som Perfect Body Cellulite. Efter et par uger er min hud blevet fastere, og jeg f\u00f8ler mig mere selvsikker.&#8221;<\/p>\n<\/blockquote>\n\n\n\n<blockquote class=\"wp-block-quote is-layout-flow wp-block-quote-is-layout-flow\">\n<p>Magda: &#8220;Jeg var skeptisk i starten, men beslutningen om at k\u00f8be denne creme viste sig at v\u00e6re et hit. Min hud er mere fugtet efter en m\u00e5ned, og min cellulite er stort set blevet mindre.&#8221;<\/p>\n<\/blockquote>\n\n\n\n<p>Ud over positive anmeldelser er det v\u00e6rd at bem\u00e6rke, at nogle <b>brugeranmeldelser<\/b> relateret til Perfect Body Cellulite kan v\u00e6re \u00f8konomisk motiverede. Mange af dem kommer fra tilknyttede websteder, hvilket p\u00e5virker informationens objektivitet og p\u00e5lidelighed. Det er derfor v\u00e6rd at n\u00e6rme sig s\u00e5danne anmeldelser med forsigtighed.<\/p>\n\n\n\n<p>Det er ogs\u00e5 vigtigt, at anmeldelserne af Perfect Body Cellulite er blandede. Mens en gruppe brugere f\u00f8ler sig tilfredse med resultaterne, fremh\u00e6ver andre deres skuffelse. Den h\u00f8je pris p\u00e5 produktet kan ogs\u00e5 v\u00e6re en afg\u00f8rende faktor i betragtning af de mange forskellige reaktioner p\u00e5 produktet.<\/p>\n\n\n\n<p>N\u00e5r man analyserer brugeranmeldelser, er det en god id\u00e9 at se p\u00e5 helheden, som omfatter forskellige metoder til at reducere cellulite, herunder kost\u00e6ndringer, fysisk aktivitet og professionelle kosmetiske behandlinger. Beslutningen om at k\u00f8be Perfect Body Cellulite skal helt sikkert v\u00e6re gennemt\u00e6nkt og baseret p\u00e5 en omfattende analyse.<\/p>\n\n\n\n<h2 class=\"wp-block-heading\">Perfect Body Cellulite &#8211; Sammens\u00e6tning<\/h2>\n\n\n\n<p>Perfect Body Cellulite-produktet er kendetegnet ved sin unikke <em>sammens\u00e6tning<\/em>, som har en gavnlig effekt p\u00e5 reduktion af cellulite og forbedring af hudens udseende. Det indeholder 6 plantebaserede ingredienser, herunder ekstrakter fra Garcinia cambogia-frugt, gr\u00f8n kaffeb\u00f8nne og ung byg.<\/p>\n\n\n\n<p>Derudover underst\u00f8tter <em>aktive ingredienser<\/em> som ekstrakt af cayennepeberfrugt v\u00e6gttab og fremskynder blodcirkulationen, hvilket har en betydelig indvirkning p\u00e5 elimineringen af cellulite.<\/p>\n\n\n\n<p>Kombineret med to vitaminer giver <em>Perfect Body Cellulite-formuleringen<\/em> essentielle n\u00e6ringsstoffer til huden og forbedrer dens elasticitet og fasthed.<\/p>\n\n\n\n<figure class=\"wp-block-table\"><table class=\"has-fixed-layout\"><tbody><tr><th>Komponent<\/th><th>Funktion<\/th><\/tr><tr><td>Garcinia cambogia<\/td><td>Fedtreduktion<\/td><\/tr><tr><td>Gr\u00f8nne kaffeb\u00f8nner<\/td><td>St\u00f8tte til stofskiftet<\/td><\/tr><tr><td>Ung byg<\/td><td>Afgiftning af kroppen<\/td><\/tr><tr><td>Cayennepeber<\/td><td>Fremskyndelse af blodcirkulationen<\/td><\/tr><tr><td>Planteekstrakter<\/td><td>Antioxidant virkning<\/td><\/tr><tr><td>Vitaminer<\/td><td>N\u00e6rer og opstrammer huden<\/td><\/tr><\/tbody><\/table><\/figure>\n\n\n\n<p>Hver pakke Perfect Body Cellulite indeholder 60 kapsler, hvilket er nok til en m\u00e5neds brug. Den anbefalede <b>dosis<\/b> er 2 kapsler om dagen, der tages med rigeligt vand. Produktet f\u00e5s til en overkommelig pris p\u00e5 159 PLN og kan bestilles med mulighed for international levering.<\/p>\n\n\n\n<h2 class=\"wp-block-heading\">Pris p\u00e5 Perfect Body Cellulite &#8211; Hvor kan man k\u00f8be?<\/h2>\n\n\n\n<p>Perfect Body Cellulite kan kun k\u00f8bes fra producentens officielle hjemmeside. Forsigtighed tilr\u00e5des ved bestilling fra andre kilder for at undg\u00e5 forfalskninger. At v\u00e6lge et verificeret k\u00f8bssted er en garanti for h\u00f8j kvalitet.<br>Prisen p\u00e5 Perfect Body Cellulite afh\u00e6nger af de kampagner, der tilbydes af producenten. Der er ofte rabatter til r\u00e5dighed for at reducere k\u00f8bsomkostningerne, s\u00e5 det er v\u00e6rd at tjekke tilbuddet regelm\u00e6ssigt.<\/p>\n\n\n\n<p>Bes\u00f8g producentens hjemmeside for at f\u00e5 mere at vide om priser og kampagner. Kun der er du sikker p\u00e5 at k\u00f8be et originalt produkt.<\/p>\n\n\n\n<h2 class=\"wp-block-heading\">Potentielle bivirkninger og kontraindikationer ved Perfect Body Cellulite<\/h2>\n\n\n\n<p>Perfect Body Cellulite tolereres godt af brugerne, men som alle hudplejeprodukter kan det v\u00e6re forbundet med nogle <strong>bivirkninger<\/strong>. Allergiske reaktioner er de hyppigst rapporterede, is\u00e6r hos personer med f\u00f8lsom hud. Derfor anbefales det at udf\u00f8re en hudtest, inden produktet tages i brug, for at sikre, at der ikke opst\u00e5r bivirkninger.<\/p>\n\n\n\n<p>Personer med beskadiget hud og personer med kroniske dermatologiske tilstande b\u00f8r konsultere en hudl\u00e6ge, f\u00f8r de bruger Perfect Body Cellulite. S\u00e5danne personer kan have <strong>kontraindikationer<\/strong> for brugen af dette produkt, hvilket kan p\u00e5virke deres sikkerhed og komfort.<\/p>\n\n\n\n<p>Konklusionen er, at selvom Perfect Body Cellulite har mange fordele i forhold til at reducere cellulite og forbedre hudens udseende, er det v\u00e6rd at v\u00e6re opm\u00e6rksom p\u00e5 de potentielle bivirkninger og f\u00f8lge anbefalingerne for brug. Kun p\u00e5 den m\u00e5de kan du f\u00e5 positive resultater uden un\u00f8dvendige helbredskomplikationer.<\/p>\n","protected":false},"excerpt":{"rendered":"<p><strong><span style=\"vertical-align: inherit;\"><span style=\"vertical-align: inherit;\">[date_countdown]<\/span><\/span><\/strong><\/p>\n<p><img decoding=\"async\" class=\"alignnone wp-image-4422\" src=\"https:\/\/www.vaisenhus-apotek.dk\/farmaci\/wp-content\/uploads\/2024\/10\/SAFE-PAY-300x88.png\" alt=\"SAFE PAY\" width=\"198\" height=\"58\" srcset=\"https:\/\/www.vaisenhus-apotek.dk\/farmaci\/wp-content\/uploads\/2024\/10\/SAFE-PAY-300x88.png 300w, https:\/\/www.vaisenhus-apotek.dk\/farmaci\/wp-content\/uploads\/2024\/10\/SAFE-PAY-1024x302.png 1024w, https:\/\/www.vaisenhus-apotek.dk\/farmaci\/wp-content\/uploads\/2024\/10\/SAFE-PAY-768x226.png 768w, https:\/\/www.vaisenhus-apotek.dk\/farmaci\/wp-content\/uploads\/2024\/10\/SAFE-PAY-600x177.png 600w, https:\/\/www.vaisenhus-apotek.dk\/farmaci\/wp-content\/uploads\/2024\/10\/SAFE-PAY.png 1038w\" sizes=\"(max-width: 198px) 100vw, 198px\" \/><\/p>\n","protected":false},"featured_media":3952,"comment_status":"open","ping_status":"closed","template":"","meta":{"neve_meta_sidebar":"","neve_meta_container":"","neve_meta_enable_content_width":"","neve_meta_content_width":0,"neve_meta_title_alignment":"","neve_meta_author_avatar":"","neve_post_elements_order":"","neve_meta_disable_header":"","neve_meta_disable_footer":"","neve_meta_disable_title":"","neve_meta_reading_time":""},"product_brand":[],"product_cat":[17],"product_tag":[],"class_list":{"0":"post-4327","1":"product","2":"type-product","3":"status-publish","4":"has-post-thumbnail","6":"product_cat-skonhed","8":"first","9":"instock","10":"sale","11":"shipping-taxable","12":"product-type-external"},"yoast_head":"<!-- This site is optimized with the Yoast SEO plugin v27.5 - https:\/\/yoast.com\/product\/yoast-seo-wordpress\/ -->\n<title>Perfect Body Cellulite - Anmeldelse, Forum, Apotek, Pris, Effekter | -50%<\/title>\n<meta name=\"robots\" content=\"index, follow, max-snippet:-1, max-image-preview:large, max-video-preview:-1\" \/>\n<link rel=\"canonical\" href=\"https:\/\/www.vaisenhus-apotek.dk\/farmaci\/supp\/perfect-body-cellulite\/\" \/>\n<meta property=\"og:locale\" content=\"da_DK\" \/>\n<meta property=\"og:type\" content=\"article\" \/>\n<meta property=\"og:title\" content=\"Perfect Body Cellulite - Anmeldelse, Forum, Apotek, Pris, Effekter | -50%\" \/>\n<meta property=\"og:url\" content=\"https:\/\/www.vaisenhus-apotek.dk\/farmaci\/supp\/perfect-body-cellulite\/\" \/>\n<meta property=\"og:site_name\" content=\"Vaisenhus-Apotek\" \/>\n<meta property=\"article:modified_time\" content=\"2024-10-12T16:21:28+00:00\" \/>\n<meta property=\"og:image\" content=\"https:\/\/www.vaisenhus-apotek.dk\/farmaci\/wp-content\/uploads\/2024\/10\/PERFECT-BODY-CELLULITE.jpg\" \/>\n\t<meta property=\"og:image:width\" content=\"768\" \/>\n\t<meta property=\"og:image:height\" content=\"768\" \/>\n\t<meta property=\"og:image:type\" content=\"image\/jpeg\" \/>\n<meta name=\"twitter:card\" content=\"summary_large_image\" \/>\n<meta name=\"twitter:description\" content=\"[date_countdown]\" \/>\n<meta name=\"twitter:label1\" content=\"Estimeret l\u00e6setid\" \/>\n\t<meta name=\"twitter:data1\" content=\"1 minut\" \/>\n<script type=\"application\/ld+json\" class=\"yoast-schema-graph\">{\"@context\":\"https:\\\/\\\/schema.org\",\"@graph\":[{\"@type\":\"WebPage\",\"@id\":\"https:\\\/\\\/www.vaisenhus-apotek.dk\\\/farmaci\\\/supp\\\/perfect-body-cellulite\\\/\",\"url\":\"https:\\\/\\\/www.vaisenhus-apotek.dk\\\/farmaci\\\/supp\\\/perfect-body-cellulite\\\/\",\"name\":\"Perfect Body Cellulite - Anmeldelse, Forum, Apotek, Pris, Effekter | -50%\",\"isPartOf\":{\"@id\":\"https:\\\/\\\/www.vaisenhus-apotek.dk\\\/farmaci\\\/#website\"},\"primaryImageOfPage\":{\"@id\":\"https:\\\/\\\/www.vaisenhus-apotek.dk\\\/farmaci\\\/supp\\\/perfect-body-cellulite\\\/#primaryimage\"},\"image\":{\"@id\":\"https:\\\/\\\/www.vaisenhus-apotek.dk\\\/farmaci\\\/supp\\\/perfect-body-cellulite\\\/#primaryimage\"},\"thumbnailUrl\":\"https:\\\/\\\/www.vaisenhus-apotek.dk\\\/farmaci\\\/wp-content\\\/uploads\\\/2024\\\/10\\\/PERFECT-BODY-CELLULITE.jpg\",\"datePublished\":\"2024-10-10T20:31:54+00:00\",\"dateModified\":\"2024-10-12T16:21:28+00:00\",\"breadcrumb\":{\"@id\":\"https:\\\/\\\/www.vaisenhus-apotek.dk\\\/farmaci\\\/supp\\\/perfect-body-cellulite\\\/#breadcrumb\"},\"inLanguage\":\"da-DK\",\"potentialAction\":[{\"@type\":\"ReadAction\",\"target\":[\"https:\\\/\\\/www.vaisenhus-apotek.dk\\\/farmaci\\\/supp\\\/perfect-body-cellulite\\\/\"]}]},{\"@type\":\"ImageObject\",\"inLanguage\":\"da-DK\",\"@id\":\"https:\\\/\\\/www.vaisenhus-apotek.dk\\\/farmaci\\\/supp\\\/perfect-body-cellulite\\\/#primaryimage\",\"url\":\"https:\\\/\\\/www.vaisenhus-apotek.dk\\\/farmaci\\\/wp-content\\\/uploads\\\/2024\\\/10\\\/PERFECT-BODY-CELLULITE.jpg\",\"contentUrl\":\"https:\\\/\\\/www.vaisenhus-apotek.dk\\\/farmaci\\\/wp-content\\\/uploads\\\/2024\\\/10\\\/PERFECT-BODY-CELLULITE.jpg\",\"width\":768,\"height\":768},{\"@type\":\"BreadcrumbList\",\"@id\":\"https:\\\/\\\/www.vaisenhus-apotek.dk\\\/farmaci\\\/supp\\\/perfect-body-cellulite\\\/#breadcrumb\",\"itemListElement\":[{\"@type\":\"ListItem\",\"position\":1,\"name\":\"Strona g\u0142\u00f3wna\",\"item\":\"https:\\\/\\\/www.vaisenhus-apotek.dk\\\/farmaci\\\/\"},{\"@type\":\"ListItem\",\"position\":2,\"name\":\"farmaci\",\"item\":\"https:\\\/\\\/www.vaisenhus-apotek.dk\\\/farmaci\\\/\"},{\"@type\":\"ListItem\",\"position\":3,\"name\":\"Perfect Body Cellulite\"}]},{\"@type\":\"WebSite\",\"@id\":\"https:\\\/\\\/www.vaisenhus-apotek.dk\\\/farmaci\\\/#website\",\"url\":\"https:\\\/\\\/www.vaisenhus-apotek.dk\\\/farmaci\\\/\",\"name\":\"vaisenhus-apotek.dk\",\"description\":\"\",\"potentialAction\":[{\"@type\":\"SearchAction\",\"target\":{\"@type\":\"EntryPoint\",\"urlTemplate\":\"https:\\\/\\\/www.vaisenhus-apotek.dk\\\/farmaci\\\/?s={search_term_string}\"},\"query-input\":{\"@type\":\"PropertyValueSpecification\",\"valueRequired\":true,\"valueName\":\"search_term_string\"}}],\"inLanguage\":\"da-DK\"}]}<\/script>\n<!-- \/ Yoast SEO plugin. -->","yoast_head_json":{"title":"Perfect Body Cellulite - Anmeldelse, Forum, Apotek, Pris, Effekter | -50%","robots":{"index":"index","follow":"follow","max-snippet":"max-snippet:-1","max-image-preview":"max-image-preview:large","max-video-preview":"max-video-preview:-1"},"canonical":"https:\/\/www.vaisenhus-apotek.dk\/farmaci\/supp\/perfect-body-cellulite\/","og_locale":"da_DK","og_type":"article","og_title":"Perfect Body Cellulite - Anmeldelse, Forum, Apotek, Pris, Effekter | -50%","og_url":"https:\/\/www.vaisenhus-apotek.dk\/farmaci\/supp\/perfect-body-cellulite\/","og_site_name":"Vaisenhus-Apotek","article_modified_time":"2024-10-12T16:21:28+00:00","og_image":[{"width":768,"height":768,"url":"https:\/\/www.vaisenhus-apotek.dk\/farmaci\/wp-content\/uploads\/2024\/10\/PERFECT-BODY-CELLULITE.jpg","type":"image\/jpeg"}],"twitter_card":"summary_large_image","twitter_description":"[date_countdown]","twitter_misc":{"Estimeret l\u00e6setid":"1 minut"},"schema":{"@context":"https:\/\/schema.org","@graph":[{"@type":"WebPage","@id":"https:\/\/www.vaisenhus-apotek.dk\/farmaci\/supp\/perfect-body-cellulite\/","url":"https:\/\/www.vaisenhus-apotek.dk\/farmaci\/supp\/perfect-body-cellulite\/","name":"Perfect Body Cellulite - Anmeldelse, Forum, Apotek, Pris, Effekter | -50%","isPartOf":{"@id":"https:\/\/www.vaisenhus-apotek.dk\/farmaci\/#website"},"primaryImageOfPage":{"@id":"https:\/\/www.vaisenhus-apotek.dk\/farmaci\/supp\/perfect-body-cellulite\/#primaryimage"},"image":{"@id":"https:\/\/www.vaisenhus-apotek.dk\/farmaci\/supp\/perfect-body-cellulite\/#primaryimage"},"thumbnailUrl":"https:\/\/www.vaisenhus-apotek.dk\/farmaci\/wp-content\/uploads\/2024\/10\/PERFECT-BODY-CELLULITE.jpg","datePublished":"2024-10-10T20:31:54+00:00","dateModified":"2024-10-12T16:21:28+00:00","breadcrumb":{"@id":"https:\/\/www.vaisenhus-apotek.dk\/farmaci\/supp\/perfect-body-cellulite\/#breadcrumb"},"inLanguage":"da-DK","potentialAction":[{"@type":"ReadAction","target":["https:\/\/www.vaisenhus-apotek.dk\/farmaci\/supp\/perfect-body-cellulite\/"]}]},{"@type":"ImageObject","inLanguage":"da-DK","@id":"https:\/\/www.vaisenhus-apotek.dk\/farmaci\/supp\/perfect-body-cellulite\/#primaryimage","url":"https:\/\/www.vaisenhus-apotek.dk\/farmaci\/wp-content\/uploads\/2024\/10\/PERFECT-BODY-CELLULITE.jpg","contentUrl":"https:\/\/www.vaisenhus-apotek.dk\/farmaci\/wp-content\/uploads\/2024\/10\/PERFECT-BODY-CELLULITE.jpg","width":768,"height":768},{"@type":"BreadcrumbList","@id":"https:\/\/www.vaisenhus-apotek.dk\/farmaci\/supp\/perfect-body-cellulite\/#breadcrumb","itemListElement":[{"@type":"ListItem","position":1,"name":"Strona g\u0142\u00f3wna","item":"https:\/\/www.vaisenhus-apotek.dk\/farmaci\/"},{"@type":"ListItem","position":2,"name":"farmaci","item":"https:\/\/www.vaisenhus-apotek.dk\/farmaci\/"},{"@type":"ListItem","position":3,"name":"Perfect Body Cellulite"}]},{"@type":"WebSite","@id":"https:\/\/www.vaisenhus-apotek.dk\/farmaci\/#website","url":"https:\/\/www.vaisenhus-apotek.dk\/farmaci\/","name":"vaisenhus-apotek.dk","description":"","potentialAction":[{"@type":"SearchAction","target":{"@type":"EntryPoint","urlTemplate":"https:\/\/www.vaisenhus-apotek.dk\/farmaci\/?s={search_term_string}"},"query-input":{"@type":"PropertyValueSpecification","valueRequired":true,"valueName":"search_term_string"}}],"inLanguage":"da-DK"}]}},"_links":{"self":[{"href":"https:\/\/www.vaisenhus-apotek.dk\/farmaci\/wp-json\/wp\/v2\/product\/4327","targetHints":{"allow":["GET"]}}],"collection":[{"href":"https:\/\/www.vaisenhus-apotek.dk\/farmaci\/wp-json\/wp\/v2\/product"}],"about":[{"href":"https:\/\/www.vaisenhus-apotek.dk\/farmaci\/wp-json\/wp\/v2\/types\/product"}],"replies":[{"embeddable":true,"href":"https:\/\/www.vaisenhus-apotek.dk\/farmaci\/wp-json\/wp\/v2\/comments?post=4327"}],"wp:featuredmedia":[{"embeddable":true,"href":"https:\/\/www.vaisenhus-apotek.dk\/farmaci\/wp-json\/wp\/v2\/media\/3952"}],"wp:attachment":[{"href":"https:\/\/www.vaisenhus-apotek.dk\/farmaci\/wp-json\/wp\/v2\/media?parent=4327"}],"wp:term":[{"taxonomy":"product_brand","embeddable":true,"href":"https:\/\/www.vaisenhus-apotek.dk\/farmaci\/wp-json\/wp\/v2\/product_brand?post=4327"},{"taxonomy":"product_cat","embeddable":true,"href":"https:\/\/www.vaisenhus-apotek.dk\/farmaci\/wp-json\/wp\/v2\/product_cat?post=4327"},{"taxonomy":"product_tag","embeddable":true,"href":"https:\/\/www.vaisenhus-apotek.dk\/farmaci\/wp-json\/wp\/v2\/product_tag?post=4327"}],"curies":[{"name":"wp","href":"https:\/\/api.w.org\/{rel}","templated":true}]}}